{"id":2755,"date":"2020-12-10T00:34:26","date_gmt":"2020-12-09T23:34:26","guid":{"rendered":"http:\/\/www.friedhofsgaertnerei-schmid.de\/mobil\/?page_id=2755"},"modified":"2020-12-10T00:37:37","modified_gmt":"2020-12-09T23:37:37","slug":"grabpflege","status":"publish","type":"page","link":"https:\/\/www.friedhofsgaertnerei-schmid.de\/mobil\/grabpflege\/","title":{"rendered":"Grabpflege"},"content":{"rendered":"\n[et_pb_section fb_built=&#8220;1&#8243; specialty=&#8220;on&#8220; _builder_version=&#8220;4.7.4&#8243; _module_preset=&#8220;default&#8220; background_color=&#8220;#dfe0e5&#8243; custom_margin=&#8220;0px||||false|false&#8220; custom_padding=&#8220;90px||90px||false|false&#8220;][et_pb_column type=&#8220;1_2&#8243; _builder_version=&#8220;3.25&#8243; custom_padding=&#8220;|||&#8220; custom_padding__hover=&#8220;|||&#8220;][et_pb_text _builder_version=&#8220;4.7.4&#8243; _module_preset=&#8220;default&#8220; header_font=&#8220;|700|||||||&#8220; hover_enabled=&#8220;0&#8243; sticky_enabled=&#8220;0&#8243;]<h1><span>Grabpflege<\/span><\/h1>\n[\/et_pb_text][et_pb_text _builder_version=&#8220;4.7.4&#8243; _module_preset=&#8220;default&#8220; hover_enabled=&#8220;0&#8243; sticky_enabled=&#8220;0&#8243;]<p><span>Ein mit Blumen geschm\u00fccktes Grab ist ein Ort der Erinnerung, der stillen Trauer und dar\u00fcber hinaus ein Ausdruck der Wertsch\u00e4tzung eines verstorbenen Menschen.<\/span><br \/><span>Um zu gew\u00e4hrleisten, dass die Grabst\u00e4tte Ihrer Angeh\u00f6rigen stets sauber und gepflegt aussieht, bieten wir von M\u00e4rz bis November eine umfassende Grabbetreuung.<\/span><\/p>\n<p><span>Unsere g\u00e4rtnerische Grabpflege beinhaltet:<\/span><\/p>\n<ul>\n<li>eine regelm\u00e4\u00dfige S\u00e4uberung der Grabfl\u00e4che<\/li>\n<li>das Schneiden der Rasenkanten<\/li>\n<li>den R\u00fcckschnitt von Bodendeckern und Geh\u00f6lzen<\/li>\n<li>gie\u00dfen und d\u00fcngen, wann immer es n\u00f6tig ist<\/li>\n<li>eine 3-malige, jahreszeitliche Wechselbepflanzung (Fr\u00fchjahr, Sommer, Herbst),vorwiegend mit Pflanzen aus eigener Anzucht<\/li>\n<\/ul>\n<p><span>Spezielle Farb- oder Pflanzenw\u00fcnsche werden dabei, sofern es die Grablage zul\u00e4sst, jederzeit ber\u00fccksichtigt.<\/span><\/p>\n<p><span>Wir beraten Sie dazu gerne pers\u00f6nlich.<\/span><\/p>\n[\/et_pb_text][\/et_pb_column][et_pb_column type=&#8220;1_2&#8243; specialty_columns=&#8220;2&#8243; _builder_version=&#8220;3.25&#8243; custom_padding=&#8220;|||&#8220; custom_padding__hover=&#8220;|||&#8220;][et_pb_row_inner _builder_version=&#8220;4.7.4&#8243; _module_preset=&#8220;default&#8220; custom_padding=&#8220;||12px|||&#8220;][et_pb_column_inner saved_specialty_column_type=&#8220;1_2&#8243; _builder_version=&#8220;4.7.4&#8243; _module_preset=&#8220;default&#8220;][et_pb_image src=&#8220;http:\/\/www.friedhofsgaertnerei-schmid.de\/mobil\/wp-content\/uploads\/2020\/12\/grabpflege01.jpg&#8220; alt=&#8220;Grabpflege Bildbeispiel 1&#8243; title_text=&#8220;grab-fruehling&#8220; show_in_lightbox=&#8220;on&#8220; _builder_version=&#8220;4.7.4&#8243; _module_preset=&#8220;default&#8220; max_width=&#8220;100%&#8220; custom_margin=&#8220;||39px|||&#8220; hover_enabled=&#8220;0&#8243; box_shadow_style=&#8220;preset1&#8243; box_shadow_spread=&#8220;10px&#8220; box_shadow_spread__hover_enabled=&#8220;on|hover&#8220; box_shadow_spread__hover=&#8220;0px&#8220; sticky_enabled=&#8220;0&#8243;][\/et_pb_image][\/et_pb_column_inner][\/et_pb_row_inner][et_pb_row_inner column_structure=&#8220;1_2,1_2&#8243; _builder_version=&#8220;4.7.4&#8243; _module_preset=&#8220;default&#8220; custom_margin=&#8220;0px|0px|0px|0px|false|false&#8220; custom_padding=&#8220;0px|0px|0px|0px|false|false&#8220;][et_pb_column_inner type=&#8220;1_2&#8243; saved_specialty_column_type=&#8220;1_2&#8243; _builder_version=&#8220;4.7.4&#8243; _module_preset=&#8220;default&#8220; custom_padding=&#8220;0px|0px|0px|0px|false|false&#8220;][et_pb_image src=&#8220;http:\/\/www.friedhofsgaertnerei-schmid.de\/mobil\/wp-content\/uploads\/2020\/12\/grabpflege02-225&#215;300.jpg&#8220; alt=&#8220;Grabpflege Bildbeispiel 2&#8243; show_in_lightbox=&#8220;on&#8220; _builder_version=&#8220;4.7.4&#8243; _module_preset=&#8220;default&#8220; custom_margin=&#8220;|-21px||||&#8220; custom_padding=&#8220;|0px||2px||&#8220; hover_enabled=&#8220;0&#8243; box_shadow_style=&#8220;preset1&#8243; box_shadow_spread=&#8220;10px&#8220; box_shadow_spread__hover_enabled=&#8220;on|hover&#8220; box_shadow_spread__hover=&#8220;0px&#8220; sticky_enabled=&#8220;0&#8243;][\/et_pb_image][\/et_pb_column_inner][et_pb_column_inner type=&#8220;1_2&#8243; saved_specialty_column_type=&#8220;1_2&#8243; _builder_version=&#8220;4.7.4&#8243; _module_preset=&#8220;default&#8220; custom_padding=&#8220;0px|0px|0px|0px|false|false&#8220;][et_pb_image src=&#8220;http:\/\/www.friedhofsgaertnerei-schmid.de\/mobil\/wp-content\/uploads\/2020\/12\/grabpflege03-226&#215;300.jpg&#8220; alt=&#8220;Grabpflege Bildbeispiel 3&#8243; show_in_lightbox=&#8220;on&#8220; _builder_version=&#8220;4.7.4&#8243; _module_preset=&#8220;default&#8220; custom_margin=&#8220;|||-1px||&#8220; custom_padding=&#8220;|0px||||&#8220; hover_enabled=&#8220;0&#8243; box_shadow_style=&#8220;preset1&#8243; box_shadow_spread=&#8220;10px&#8220; box_shadow_spread_last_edited=&#8220;off|desktop&#8220; box_shadow_spread__hover_enabled=&#8220;on|hover&#8220; box_shadow_spread__hover=&#8220;0px&#8220; sticky_enabled=&#8220;0&#8243;][\/et_pb_image][\/et_pb_column_inner][\/et_pb_row_inner][\/et_pb_column][\/et_pb_section]\n","protected":false},"excerpt":{"rendered":"<p>Grabpflege Ein mit Blumen geschm\u00fccktes Grab ist ein Ort der Erinnerung, der stillen Trauer und dar\u00fcber hinaus ein Ausdruck der Wertsch\u00e4tzung eines verstorbenen Menschen.Um zu gew\u00e4hrleisten, dass die Grabst\u00e4tte Ihrer Angeh\u00f6rigen stets sauber und gepflegt aussieht, bieten wir von M\u00e4rz bis November eine umfassende Grabbetreuung. Unsere g\u00e4rtnerische Grabpflege beinhaltet: eine regelm\u00e4\u00dfige S\u00e4uberung der Grabfl\u00e4che das [&hellip;]<\/p>\n","protected":false},"author":1,"featured_media":0,"parent":0,"menu_order":0,"comment_status":"closed","ping_status":"closed","template":"","meta":{"_et_pb_use_builder":"on","_et_pb_old_content":"","_et_gb_content_width":""},"_links":{"self":[{"href":"https:\/\/www.friedhofsgaertnerei-schmid.de\/mobil\/wp-json\/wp\/v2\/pages\/2755"}],"collection":[{"href":"https:\/\/www.friedhofsgaertnerei-schmid.de\/mobil\/wp-json\/wp\/v2\/pages"}],"about":[{"href":"https:\/\/www.friedhofsgaertnerei-schmid.de\/mobil\/wp-json\/wp\/v2\/types\/page"}],"author":[{"embeddable":true,"href":"https:\/\/www.friedhofsgaertnerei-schmid.de\/mobil\/wp-json\/wp\/v2\/users\/1"}],"replies":[{"embeddable":true,"href":"https:\/\/www.friedhofsgaertnerei-schmid.de\/mobil\/wp-json\/wp\/v2\/comments?post=2755"}],"version-history":[{"count":0,"href":"https:\/\/www.friedhofsgaertnerei-schmid.de\/mobil\/wp-json\/wp\/v2\/pages\/2755\/revisions"}],"wp:attachment":[{"href":"https:\/\/www.friedhofsgaertnerei-schmid.de\/mobil\/wp-json\/wp\/v2\/media?parent=2755"}],"curies":[{"name":"wp","href":"https:\/\/api.w.org\/{rel}","templated":true}]}}