{"id":2782,"date":"2020-12-10T00:57:27","date_gmt":"2020-12-09T23:57:27","guid":{"rendered":"http:\/\/www.friedhofsgaertnerei-schmid.de\/mobil\/?page_id=2782"},"modified":"2020-12-10T01:04:37","modified_gmt":"2020-12-10T00:04:37","slug":"dauergrabpflege","status":"publish","type":"page","link":"https:\/\/www.friedhofsgaertnerei-schmid.de\/mobil\/dauergrabpflege\/","title":{"rendered":"Dauergrabpflege"},"content":{"rendered":"<p>[et_pb_section fb_built=&#8220;1&#8243; admin_label=&#8220;Special Offer Section&#8220; _builder_version=&#8220;4.7.4&#8243; background_color=&#8220;#e7efef&#8220; use_background_color_gradient=&#8220;on&#8220; background_color_gradient_start=&#8220;rgba(235,235,235,0)&#8220; background_color_gradient_end=&#8220;#ebebeb&#8220; background_color_gradient_direction=&#8220;90deg&#8220; background_color_gradient_end_position=&#8220;70%&#8220; background_color_gradient_overlays_image=&#8220;on&#8220; background_image=&#8220;http:\/\/www.friedhofsgaertnerei-schmid.de\/mobil\/wp-content\/uploads\/2020\/12\/florist-02-1.jpg&#8220; custom_padding=&#8220;12%|0px|6.4%|0px||&#8220; hover_enabled=&#8220;0&#8243; sticky_enabled=&#8220;0&#8243;][et_pb_row _builder_version=&#8220;4.7.4&#8243; _module_preset=&#8220;default&#8220;][et_pb_column _builder_version=&#8220;4.7.4&#8243; _module_preset=&#8220;default&#8220; type=&#8220;4_4&#8243;][et_pb_text _builder_version=&#8220;4.7.4&#8243; _module_preset=&#8220;default&#8220; header_font=&#8220;|700|||||||&#8220; header_text_align=&#8220;right&#8220; hover_enabled=&#8220;0&#8243; sticky_enabled=&#8220;0&#8243;]<\/p>\n<h1 style=\"text-align: center;\">Die Dauergrabpflege<\/h1>\n<p>[\/et_pb_text][\/et_pb_column][\/et_pb_row][et_pb_row _builder_version=&#8220;4.7.4&#8243; _module_preset=&#8220;default&#8220;][et_pb_column _builder_version=&#8220;4.7.4&#8243; _module_preset=&#8220;default&#8220; type=&#8220;4_4&#8243;][et_pb_text _builder_version=&#8220;4.7.4&#8243; _module_preset=&#8220;default&#8220; hover_enabled=&#8220;0&#8243; sticky_enabled=&#8220;0&#8243; header_2_font=&#8220;|600|||||||&#8220; custom_margin=&#8220;||50px||false|false&#8220; background_color=&#8220;rgba(255,255,255,0.52)&#8220; custom_padding=&#8220;15px|0px|15px|0px|true|false&#8220; use_background_color_gradient=&#8220;on&#8220; background_color_gradient_direction=&#8220;-90deg&#8220; background_color_gradient_end=&#8220;rgba(255,255,255,0.24)&#8220; background_color_gradient_start=&#8220;rgba(255,255,255,0.24)&#8220; background_color_gradient_end_preview=&#8220;#6d6d6d&#8220;]<\/p>\n<h2 style=\"text-align: center;\">Information \u00fcber einen Vorsorgevertrag<br \/> durch die Treuhandgesellschaft Bayerischer Friedhofsg\u00e4rtner<\/h2>\n<p>[\/et_pb_text][et_pb_text _builder_version=&#8220;4.7.4&#8243; _module_preset=&#8220;default&#8220; text_font_size=&#8220;20px&#8220; text_text_color=&#8220;#000000&#8243; custom_padding=&#8220;20px|20px|20px|20px|true|true&#8220; hover_enabled=&#8220;0&#8243; sticky_enabled=&#8220;0&#8243; background_color=&#8220;rgba(255,255,255,0.7)&#8220;]<\/p>\n<p><span>Es gibt viele Gr\u00fcnde, warum man schon zu Lebzeiten auch &#8222;die Zeit danach&#8220; geregelt wissen will.<\/span><br \/> <span>Weil man ganz allein steht oder weil die Kinder weit entfernt wohnen.<\/span><br \/> <span>Auch darum gibt es das Angebot eines Vorsorgevertrages. Er erm\u00f6glicht bereits zu Lebzeiten, alles verbindlich zu regeln. So wird man Sie nicht vergessen. Das gepflegte Grab legt hiervon Zeugnis ab.<\/span><\/p>\n<p><span>Nach dem Todesfall k\u00f6nnen Hinterbliebene, Erbengemeinschaften, Nachlassverwalter oder andere Beauftragte mit dem Friedhofsg\u00e4rtner und der TBF Treuhandgesellschaft Bayerischer Friedhofsg\u00e4rtner mbH, Vertr\u00e4ge \u00fcber Grabpflege f\u00fcr l\u00e4ngere Dauer abschlie\u00dfen.<\/span><\/p>\n<p><span>Ebenso ist es f\u00fcr Jedermann m\u00f6glich, bereits zu Lebzeiten mit einem Vorsorge-Vertrag die Pflege seines Grabes auf einen bestimmten Zeitraum nach seinem Ableben zu sichern.<\/span><\/p>\n<p><span>Die K\u00fcndigung eines solchen Vertrages durch Erben ist ausgeschlossen, es sei denn aus wichtigem Grund, zum Beispiel bei vorzeitigem Erl\u00f6schen des Grabnutzungsrechtes.<\/span><\/p>\n<p>[\/et_pb_text][et_pb_button button_text=&#8220;.PDF zum Download&#8220; _builder_version=&#8220;4.7.4&#8243; _module_preset=&#8220;default&#8220; button_alignment=&#8220;right&#8220; button_url=&#8220;https:\/\/www.friedhofsgaertnerei-schmid.de\/doks\/Dauergrabpflege01.pdf&#8220; url_new_window=&#8220;on&#8220; custom_button=&#8220;on&#8220; button_bg_color=&#8220;#959d93&#8243; button_bg_enable_color=&#8220;on&#8220; button_text_color=&#8220;#ffffff&#8220; button_border_width=&#8220;0px&#8220; button_icon=&#8220;%%1%%&#8220; hover_enabled=&#8220;0&#8243; sticky_enabled=&#8220;0&#8243;][\/et_pb_button][\/et_pb_column][\/et_pb_row][\/et_pb_section]<\/p>\n","protected":false},"excerpt":{"rendered":"<p>Die Dauergrabpflege Information \u00fcber einen Vorsorgevertrag durch die Treuhandgesellschaft Bayerischer Friedhofsg\u00e4rtner Es gibt viele Gr\u00fcnde, warum man schon zu Lebzeiten auch &#8222;die Zeit danach&#8220; geregelt wissen will. Weil man ganz allein steht oder weil die Kinder weit entfernt wohnen. Auch darum gibt es das Angebot eines Vorsorgevertrages. Er erm\u00f6glicht bereits zu Lebzeiten, alles verbindlich zu [&hellip;]<\/p>\n","protected":false},"author":1,"featured_media":0,"parent":0,"menu_order":0,"comment_status":"closed","ping_status":"closed","template":"","meta":{"_et_pb_use_builder":"on","_et_pb_old_content":"","_et_gb_content_width":""},"_links":{"self":[{"href":"https:\/\/www.friedhofsgaertnerei-schmid.de\/mobil\/wp-json\/wp\/v2\/pages\/2782"}],"collection":[{"href":"https:\/\/www.friedhofsgaertnerei-schmid.de\/mobil\/wp-json\/wp\/v2\/pages"}],"about":[{"href":"https:\/\/www.friedhofsgaertnerei-schmid.de\/mobil\/wp-json\/wp\/v2\/types\/page"}],"author":[{"embeddable":true,"href":"https:\/\/www.friedhofsgaertnerei-schmid.de\/mobil\/wp-json\/wp\/v2\/users\/1"}],"replies":[{"embeddable":true,"href":"https:\/\/www.friedhofsgaertnerei-schmid.de\/mobil\/wp-json\/wp\/v2\/comments?post=2782"}],"version-history":[{"count":0,"href":"https:\/\/www.friedhofsgaertnerei-schmid.de\/mobil\/wp-json\/wp\/v2\/pages\/2782\/revisions"}],"wp:attachment":[{"href":"https:\/\/www.friedhofsgaertnerei-schmid.de\/mobil\/wp-json\/wp\/v2\/media?parent=2782"}],"curies":[{"name":"wp","href":"https:\/\/api.w.org\/{rel}","templated":true}]}}